 + (-20 - -38) + -5)?
-13
Calculate -10 - (-18 + 80) - (8 + 8 + -26).
-62
Evaluate 2 + (24 - 12) + -12 + -4.
-2
Evaluate (42 - (35 + -26) - (8 - 0)) + -18.
7
What is the value of (34 - (-9 - -33)) + -32?
-22
-2 - (40 - (-7 - (-8 + (-2 - -5) - 6)))
-38
(30 - (23 + -42 + 160)) + 11
-100
What is the value of -1 + 17 - (-9 + -1 - (188 + -113 - 84))?
17
What is 20 + 27 + -7 + 17 + -9?
48
What is -7 - (-80 - -87 - (-4 - 2))?
-20
Evaluate 60 - ((-29 - -80) + -53).
62
What is -48 - (9 - 2) - (-5 - -9 - 16)?
-43
-3 + 13 + 3 + -171 + (3 - -13 - 4)
-146
-3 - ((331 - 339) + 23 + 1 + 1)
-20
What is -16 - (-2 - (-16 - -2) - (409 - 409))?
-28
191 + -96 + (-60 - -10)
45
What is 157 + (-36 - 20) + -72?
29
(0 - 0) + 4 - (-54 - (-43 - (-35 - 34)))
84
What is 1 + (3 + (6 - 5 - 3) - 1) + 4?
5
What is the value of 22 - 0 - (-261 - -279) - (1 + -2 - -47)?
-42
Evaluate -23 + -20 + 18 + 0 + (1 - -7).
-17
What is -22 + (48 - (62 - 26))?
-10
0 - -32 - -1 - (-576 - -287 - -278)
44
Evaluate 29 - ((36 - 49) + (0 - -27)) - 1.
14
Evaluate -19 + -13 + -2 + 21 + 13.
0
Calculate (-44 + 47 - 14 - (3 - 0)) + -28.
-42
Calculate (-57 - -38) + (0 - -124) - 15.
90
20 + 9 + -6 + 0 - 30 - 12
-19
What is (19 - 0) + (-43 - -28 - -18)?
22
What is 37 - (-18 - 4 - -60)?
-1
What is the value of -3 + -547 + 423 + 4 + -1?
-124
Evaluate 5 + 23 - (51 + -41).
18
Calculate -12338 + 12363 + (28 - 0).
53
Calculate -15 - ((-11 - ((7 - 9) + 10)) + 14).
-10
What is 17 - ((-16 - -8) + 44)?
-19
Calculate -16 - (38 + -62 - -16).
-8
Calculate 20 + -24 + -20 - -36 - (-1 - 4).
17
What is 12 - (-9 - 16 - (-8 + -11)) - -66?
84
68 - (69 + 0 + -49)
48
What is -88 + (-109 - -253 - 99)?
-43
Evaluate 1 - (-21 + 3 + 0) - (11 - 8 - -7).
9
Evaluate (-78 - (33 + 27)) + 101.
-37
5 + 4 + -10 + 1 + 6 + 4 + 35
45
Calculate (-58 - -27 - (19 - 41)) + -13 - 9.
-31
Evaluate 5 + -5 + -1 + -15 + 6 + 29.
19
What is 255 + -127 - (91 - -18)?
19
Evaluate 26 + -116 - (1 + 5 + (1 - 0) - -1).
-98
Calculate 1 + -25 - (5 - (-145 - -123)).
-51
Evaluate 1 - -3 - (-10 + 54 + -2).
-38
What is the value of -7 - (-19 - (39 - (35 - -69)))?
-53
Evaluate -3032 + 3188 + (-54 - 3).
99
What is the value of 8 + (44 - 13) + (-28 - -20)?
31
-24 - (-30 - (15 + -113 + 31))
-61
What is 25274 - 25311 - (-1 + (0 - 11))?
-25
What is the value of 0 + -53 + 12434 + -12283?
98
(-12 - 88) + (305 - 149)
56
Evaluate 22 + 23 + 62 + -17 + -4 + 15.
101
What is (121 + -167 + -91 - (-9 + -2)) + -10 + 1?
-135
What is 33 + -47 + 0 + 14 + -1 + 43?
42
30 - (11 + (-9 - 1) + 9)
20
Calculate (0 + (-3 - -5) - -1) + (-10 - 38 - 53).
-98
9 - 10 - -13 - (-4 + 8 + -8)
16
What is the value of 38 + (-64 - (14 - 41))?
1
What is 86 + 0 - (-2488 + 2550)?
24
What is 43 - (198 - 142) - -88?
75
Evaluate -13 + (17 - 6) + (20 - 1).
17
What is (-52 - (-8 + -8)) + 68 + 13?
45
-87 + -33 + 64 + -26 + 5
-77
What is the value of ((27 - 1) + -31 - (1 - 3)) + (0 - -1)?
-2
Calculate (0 - 8) + 3 + 9 + -21 - (22 - 17).
-22
Calculate (154 - 45) + (-4 - -10) - -7.
122
What is -28 + (-10 - ((7 - 0) + -5))?
-40
7 - (-16 - (11 - (3 - (11 + -91))))
-49
-173 + (-135 - -330) - (117 + (-3 - -6))
-98
1795 - 1804 - (0 + (3 - (0 - -35)) + 0)
23
What is (-68 - -64) + (10 - (-67 - -11)) + (-2 - -2)?
62
(14 - (6 + -3)) + -15 + 15 + 8 + 44
63
What is 58 - 9 - 46 - (-6 - -86)?
-77
Calculate 16 + 19 + 10 + -50 + -2.
-7
What is 59 - (38 - 38 - -4) - (5 - -1 - 1)?
50
37 - (39 + -22) - 52
-32
(1 - (-1 + 28)) + (-98 + 211 - 113)
-26
What is 2 + -62 - (168 - (-30 + 221))?
-37
Calculate -49 + 109 - (9 - 0) - (-4 - -5 - 8).
58
What is the value of 25 + -6 + 63 + 0 + -6?
76
What is the value of -3 + 24 + -27 + 13 - -34?
41
Evaluate 3 - (-8 - (3 + -15) - -34).
-35
What is the value of -2 + -33 + (8 - 8 - -21)?
-14
What is -13 + -34 + -34 + 76?
-5
(-51 - 2) + 5 + (-274 - -285)
-37
Evaluate (5 - -19) + -51 + 47.
20
What is (50 - (-38 + 26 + (0 - -11))) + -4?
47
Evaluate -65 + -8 + -21 + 79.
-15
-59 - (-179 - -40) - 62
18
-3 + (13 - 24) + 8 + 2
-4
What is -10 - ((5 - 5 - 15) + 13 + -7)?
-1
What is the value of (-40 + 41 - ((-7 - -1) + -3)) + 41?
51
What is the value of 90 - (-9 - -52) - 46?
1
What is (-8 + 8 - 30) + 36?
6
-18 - ((-19 - 11) + 0 + 10)
2
Evaluate (-2 - (2 - 4)) + -8 + -6 + 16 + 0.
2
(6 - -12) + (7 - 10 - 6) - 0
9
Calculate -15 - (5 + (0 - 1) + (-928 - -922)).
-13
Evaluate -21 + -1 + (611 - 611).
-22
What is the value of -28 + (-14 - -107) + -54?
11
Evaluate 38 + -9 + -9 + 0 - 43.
-23
816 + -798 + (23 - 0) - 100
-59
What is -73 + 33 + 40 - (6 + -51)?
45
What is 36 - 55 - (0 - -89)?
-108
What is (-6480 - -6427) + 127 + -1?
73
What is the value of -115 + -58 + 174 - 65?
-64
What is the value of 20 + (1 - 19) + 15 + -15 - 2?
0
What is 1 - -1 - (46 - ((4 - 4) + -11))?
-55
Calculate -90 - (-38 + 160 + -116).
-96
(-1 - (0 - -9)) + (33 - (12 + -20) - -7)
38
47 + -84 + -93 + 9 + 1 + (1 - -3)
-116
What is the value of (-116 - -43) + (19 - (6 + (14 - 9 - 3)))?
-62
What is the value of -121 + (8 - 11) - (-346 + 332)?
-110
(29 - 19) + -19 + 17 + 4
12
Evaluate -8 + (-3 - 9) + (-213 - -201 - (-2 - 0)).
-30
Evaluate (-61 - 9) + (14 - 15 - (3 + -3 - -2)).
-73
What is the value of -10 - ((0 - 1 - 0) + 0) - (-273823 - -273852)?
-38
What is the value of -1 - (-70 - (-51 + 26))?
44
What is the value of -92 + (92 - 5) + -56?
-61
Evaluate -1 + 24 - ((-38 - 1) + 71).
-9
-46 + 29 - (62 - (-18 - -22))
-75
Evaluate (-37 - (-26 + -12)) + 174 - 24.
151
What is the value of 17 + -96 - (-224 - -203)?
-58
(-169 - -52) + 62 + -5
-60
Evaluate -3 - (8 - -3) - (-263 - -258).
-9
What is -9 - (104 + (2 - (0 + -4 + 21)))?
-98
What is -59 - (-49 - (-56 - -55))?
-11
What is the value of (30 - 34) + (-31 - 1)?
-36
Calculate -16 + 5 + -11 + -9 + 17 - (4 - 82).
64
What is 3 - (250 + -266 + -53 + -2)?
74
What is (-75 - (-6 + 3)) + ((-31 - -82) + -26 - 28)?
-75
What is the value of 25 - (1 - 27 - (-52 - -19))?
18
What is (-40 - -32) + (-1 - -2) + 3 + -266 + 281?
11
Evaluate (-7 - (0 + -4)) + (23 - 12 - 6).
2
What is the value of -20 + (120 - -11) + 48 + -81?
78
Evaluate 17 + -225 + 77 + 81.
-50
Calculate -2 + 11 - (-12 + (-20 - (-20 + 17))).
38
Calculate 23 - (16 + -1) - 100 - (3 - 2).
-93
Evaluate 35 + -3 - (-5 - (23 + -3 - 23)).
34
Calculate -1 + 1 - (-43 + 6) - (-7128 + 7146).
19
(-88 + 203 - 122) + -98
-105
(3 - 2 - -25) + -1314 + 1281
-7
What is the value of -74 + 92 + -47 - (0 - -5 - 23)?
-11
-7259 + 7307 - (2 + -28 + 1)
73
Calculate 8 + 6 + -6 + 9 + 1 + -9 + -59.
-50
Calculate 3722 + -3741 - (-122 + -1).
104
Evaluate (30 - (-133 + 89)) + -53.
21
(11 - 0) + -4 - (0 + -11 + 9 + -6)
15
What is the value of (0 - (-12 + 1)) + (-4 - 1) - 4?
2
What is -80 - (-15 - (-6 + (15 - 46)))?
-102
What is the value of 44 + -2 + -8 + (52 + -17 - 49)?
20
Evaluate -66 + (47 + -87 - -139).
33
What is -26 - (3 - 19) - (-5 - 21)?
16
(0 - -5) + 43 + 17 + (-86 - -49)
28
Calculate (-5 + 8 + -5 - -2) + -10 + 62 + -1.
51
-2 - (67 + (2 - (16 - (31 - 21))))
-65
7 - ((-24 - 56) + 49)
38
What is (-57 + 51 - (-2 + 2 - 0)) + 57?
51
What is the value of (7 - -2) + (16 + (21 - 52) - -41)?
35
What is the value of 2 + -1 + -11 - (-88 - (36 - (54 - 50)))?
110
Evaluate 9 + -4 + -6 + (5 - 1) - (526 + -536).
13
Calculate (42 - (-2 - 0)) + -4554 + 4558.
48
What is the value of (54 - -1) + (-220 - -186)?
21
Calculate 3 - (13 + 9) - ((-3 - -1) + 104 + -103).
-18
What is -5 + 61 + (-28 - (-25 - 5))?
58
76 - (3 + 31) - 0 - -5
47
What is 308 + -126 - 244 - (-30 - 1)?
-31
-6 + -29 - (0 + -17) - -19 - 96
-95
Evaluate -63 + (-24 - (10 + (8 - 18) - 19)).
-68
What is (18 + (24 - 49) - -12) + -113 + -2 + -13?
-123
What is the value of 53 - (-67 + (-63 - -132))?
51
2 - (6 + -8 - (-29 - 14))
-39
What is the value of 16 + 17 + -26 + -4 + -10 + (25 - 1)?
17
What is 19 + (11 - ((20 - 3) + -5))?
18
Evaluate -5 + 1 - ((2 - (-3 - 4)) + (153 - 178)).
12
What is the value of 49 - ((6 - 13) + -8 + 20 + (3 - 3))?
44
What is the value of 8 - (154 + -2 - (15 + (13 - 9) + -7))?
-132
Calculate (0 - (-1 + 58)) + (20 - (37 - 1)) + 15.
-58
Calculate 58 - (-44 + 24 + 1 + -4).
81
Calculate (-61 - 18) + -129 + 170.
-38
-526 + 222 + 300 + (0 - 1 - -45)
40
-42 + 45 + -16 + -11
-24
-36 - (-40 - -25) - (63 + (12 - 0))
-96
What is the value of (-201 - (61 + -39)) + 85 + -1 + -7?
-146
Calculate 7 + -2 + (13 - 36 - -46) + 12.
40
Ev